{"id":20529,"date":"2023-03-04T10:38:19","date_gmt":"2023-03-04T08:38:19","guid":{"rendered":"https:\/\/www.modapelle.gr\/product\/lammfelljacke-schwarz\/"},"modified":"2023-06-02T17:55:54","modified_gmt":"2023-06-02T14:55:54","slug":"lammfelljacke-schwarz","status":"publish","type":"product","link":"https:\/\/www.modapelle.gr\/de\/produkt\/lammfelljacke-schwarz\/","title":{"rendered":"Lammfelljacke Schwarz"},"content":{"rendered":"<p>Lammfelljacke, in Schwarz. Hergestellt aus 100% echtem Schaffell. Sie ist extrem warm und hat eine bequeme Passform.<\/p>\n<ul>\n<li>Sie wird mit 3 verdeckten Kn\u00f6pfen vorne geschlossen.<\/li>\n<li>Sie verf\u00fcgt \u00fcber zwei Au\u00dfentaschen.<\/li>\n<li>Das Futter ist in neutralem Farbton (schwarz).<\/li>\n<li>Die L\u00e4nge betr\u00e4gt etwa 73 cm f\u00fcr die Gr\u00f6\u00dfe M &#8211; gemessen von der unteren Kante des Kragens bis zum unteren Rand der Jacke auf der R\u00fcckseite.<\/li>\n<li>Ein Produkt aus Griechenland.<\/li>\n<\/ul>\n<p>M\u00f6glichkeit der Bestellung in nicht verf\u00fcgbaren Gr\u00f6\u00dfen &#8211; Lieferung innerhalb von 10 Tagen.<\/p>\n","protected":false},"excerpt":{"rendered":"<h3>Lammfelljacke<\/h3>\n<p>Eine Lammfelljacke in Schwarz. Hergestellt aus 100% echtem Schaffell. Sie wird mit 3 verdeckten Kn\u00f6pfen vorne geschlossen. Zus\u00e4tzlich verf\u00fcgt sie \u00fcber zwei Au\u00dfentaschen. Sie ist extrem warm und hat eine bequeme Passform!<\/p>\n<p>Ein Produkt aus Griechenland.<\/p>\n<p>M\u00f6glichkeit der Bestellung in nicht verf\u00fcgbaren Gr\u00f6\u00dfen (von Small bis 3XL) &#8211; Lieferung innerhalb von 10 Tagen.<\/p>\n","protected":false},"featured_media":14505,"template":"","meta":{"_acf_changed":false},"product_brand":[],"product_cat":[525],"product_tag":[583,494,627,496],"class_list":{"0":"post-20529","1":"product","2":"type-product","3":"status-publish","4":"has-post-thumbnail","6":"product_cat-damen-lederjacken","7":"product_tag-damen-lederjacke","8":"product_tag-frau","9":"product_tag-schaffell","10":"product_tag-schwarze-farbe","12":"first","13":"outofstock","14":"shipping-taxable","15":"product-type-variable"},"acf":[],"yoast_head":"<!-- This site is optimized with the Yoast SEO plugin v27.4 - https:\/\/yoast.com\/product\/yoast-seo-wordpress\/ -->\n<title>Lammfelljacke Schwarz - MODAPELLE<\/title>\n<meta name=\"description\" content=\"Eine Lammfelljacke in Schwarz. Hergestellt aus 100% echtem Schaffell. Sie wird mit 3 verdeckten Kn\u00f6pfen vorne geschlossen.\" \/>\n<meta name=\"robots\" content=\"index, follow, max-snippet:-1, max-image-preview:large, max-video-preview:-1\" \/>\n<link rel=\"canonical\" href=\"https:\/\/www.modapelle.gr\/de\/produkt\/lammfelljacke-schwarz\/\" \/>\n<meta property=\"og:locale\" content=\"de_DE\" \/>\n<meta property=\"og:type\" content=\"article\" \/>\n<meta property=\"og:title\" content=\"Lammfelljacke Schwarz - MODAPELLE\" \/>\n<meta property=\"og:description\" content=\"Eine Lammfelljacke in Schwarz. Hergestellt aus 100% echtem Schaffell. Sie wird mit 3 verdeckten Kn\u00f6pfen vorne geschlossen.\" \/>\n<meta property=\"og:url\" content=\"https:\/\/www.modapelle.gr\/de\/produkt\/lammfelljacke-schwarz\/\" \/>\n<meta property=\"og:site_name\" content=\"MODAPELLE\" \/>\n<meta property=\"article:modified_time\" content=\"2023-06-02T14:55:54+00:00\" \/>\n<meta property=\"og:image\" content=\"https:\/\/www.modapelle.gr\/wp-content\/uploads\/2023\/03\/MOUTON-1AL.jpg\" \/>\n\t<meta property=\"og:image:width\" content=\"1200\" \/>\n\t<meta property=\"og:image:height\" content=\"1200\" \/>\n\t<meta property=\"og:image:type\" content=\"image\/jpeg\" \/>\n<meta name=\"twitter:card\" content=\"summary_large_image\" \/>\n<meta name=\"twitter:label1\" content=\"Gesch\u00e4tzte Lesezeit\" \/>\n\t<meta name=\"twitter:data1\" content=\"1\u00a0Minute\" \/>\n<script type=\"application\/ld+json\" class=\"yoast-schema-graph\">{\"@context\":\"https:\\\/\\\/schema.org\",\"@graph\":[{\"@type\":\"WebPage\",\"@id\":\"https:\\\/\\\/www.modapelle.gr\\\/de\\\/produkt\\\/lammfelljacke-schwarz\\\/\",\"url\":\"https:\\\/\\\/www.modapelle.gr\\\/de\\\/produkt\\\/lammfelljacke-schwarz\\\/\",\"name\":\"Lammfelljacke Schwarz - MODAPELLE\",\"isPartOf\":{\"@id\":\"https:\\\/\\\/www.modapelle.gr\\\/de\\\/#website\"},\"primaryImageOfPage\":{\"@id\":\"https:\\\/\\\/www.modapelle.gr\\\/de\\\/produkt\\\/lammfelljacke-schwarz\\\/#primaryimage\"},\"image\":{\"@id\":\"https:\\\/\\\/www.modapelle.gr\\\/de\\\/produkt\\\/lammfelljacke-schwarz\\\/#primaryimage\"},\"thumbnailUrl\":\"https:\\\/\\\/www.modapelle.gr\\\/wp-content\\\/uploads\\\/2023\\\/03\\\/MOUTON-1AL.jpg\",\"datePublished\":\"2023-03-04T08:38:19+00:00\",\"dateModified\":\"2023-06-02T14:55:54+00:00\",\"description\":\"Eine Lammfelljacke in Schwarz. Hergestellt aus 100% echtem Schaffell. Sie wird mit 3 verdeckten Kn\u00f6pfen vorne geschlossen.\",\"breadcrumb\":{\"@id\":\"https:\\\/\\\/www.modapelle.gr\\\/de\\\/produkt\\\/lammfelljacke-schwarz\\\/#breadcrumb\"},\"inLanguage\":\"de\",\"potentialAction\":[{\"@type\":\"ReadAction\",\"target\":[\"https:\\\/\\\/www.modapelle.gr\\\/de\\\/produkt\\\/lammfelljacke-schwarz\\\/\"]}]},{\"@type\":\"ImageObject\",\"inLanguage\":\"de\",\"@id\":\"https:\\\/\\\/www.modapelle.gr\\\/de\\\/produkt\\\/lammfelljacke-schwarz\\\/#primaryimage\",\"url\":\"https:\\\/\\\/www.modapelle.gr\\\/wp-content\\\/uploads\\\/2023\\\/03\\\/MOUTON-1AL.jpg\",\"contentUrl\":\"https:\\\/\\\/www.modapelle.gr\\\/wp-content\\\/uploads\\\/2023\\\/03\\\/MOUTON-1AL.jpg\",\"width\":1200,\"height\":1200,\"caption\":\"Lammfelljacke Schwarz\"},{\"@type\":\"BreadcrumbList\",\"@id\":\"https:\\\/\\\/www.modapelle.gr\\\/de\\\/produkt\\\/lammfelljacke-schwarz\\\/#breadcrumb\",\"itemListElement\":[{\"@type\":\"ListItem\",\"position\":1,\"name\":\"Modapelle\",\"item\":\"https:\\\/\\\/www.modapelle.gr\\\/de\\\/\"},{\"@type\":\"ListItem\",\"position\":2,\"name\":\"Shop\",\"item\":\"https:\\\/\\\/www.modapelle.gr\\\/de\\\/shop\\\/\"},{\"@type\":\"ListItem\",\"position\":3,\"name\":\"Frau\",\"item\":\"https:\\\/\\\/www.modapelle.gr\\\/de\\\/produkt-kategorie\\\/frau\\\/\"},{\"@type\":\"ListItem\",\"position\":4,\"name\":\"Damen Lederjacken\",\"item\":\"https:\\\/\\\/www.modapelle.gr\\\/de\\\/produkt-kategorie\\\/frau\\\/damen-lederjacken\\\/\"},{\"@type\":\"ListItem\",\"position\":5,\"name\":\"Lammfelljacke Schwarz\"}]},{\"@type\":\"WebSite\",\"@id\":\"https:\\\/\\\/www.modapelle.gr\\\/de\\\/#website\",\"url\":\"https:\\\/\\\/www.modapelle.gr\\\/de\\\/\",\"name\":\"MODAPELLE\",\"description\":\"Lederbekleidung, Taschen & Accessoires\",\"publisher\":{\"@id\":\"https:\\\/\\\/www.modapelle.gr\\\/de\\\/#organization\"},\"potentialAction\":[{\"@type\":\"SearchAction\",\"target\":{\"@type\":\"EntryPoint\",\"urlTemplate\":\"https:\\\/\\\/www.modapelle.gr\\\/de\\\/?s={search_term_string}\"},\"query-input\":{\"@type\":\"PropertyValueSpecification\",\"valueRequired\":true,\"valueName\":\"search_term_string\"}}],\"inLanguage\":\"de\"},{\"@type\":\"Organization\",\"@id\":\"https:\\\/\\\/www.modapelle.gr\\\/de\\\/#organization\",\"name\":\"MODAPELLE\",\"url\":\"https:\\\/\\\/www.modapelle.gr\\\/de\\\/\",\"logo\":{\"@type\":\"ImageObject\",\"inLanguage\":\"de\",\"@id\":\"https:\\\/\\\/www.modapelle.gr\\\/de\\\/#\\\/schema\\\/logo\\\/image\\\/\",\"url\":\"https:\\\/\\\/www.modapelle.gr\\\/wp-content\\\/uploads\\\/2021\\\/07\\\/modapelle-logo.png\",\"contentUrl\":\"https:\\\/\\\/www.modapelle.gr\\\/wp-content\\\/uploads\\\/2021\\\/07\\\/modapelle-logo.png\",\"width\":388,\"height\":120,\"caption\":\"MODAPELLE\"},\"image\":{\"@id\":\"https:\\\/\\\/www.modapelle.gr\\\/de\\\/#\\\/schema\\\/logo\\\/image\\\/\"}}]}<\/script>\n<!-- \/ Yoast SEO plugin. -->","yoast_head_json":{"title":"Lammfelljacke Schwarz - MODAPELLE","description":"Eine Lammfelljacke in Schwarz. Hergestellt aus 100% echtem Schaffell. Sie wird mit 3 verdeckten Kn\u00f6pfen vorne geschlossen.","robots":{"index":"index","follow":"follow","max-snippet":"max-snippet:-1","max-image-preview":"max-image-preview:large","max-video-preview":"max-video-preview:-1"},"canonical":"https:\/\/www.modapelle.gr\/de\/produkt\/lammfelljacke-schwarz\/","og_locale":"de_DE","og_type":"article","og_title":"Lammfelljacke Schwarz - MODAPELLE","og_description":"Eine Lammfelljacke in Schwarz. Hergestellt aus 100% echtem Schaffell. Sie wird mit 3 verdeckten Kn\u00f6pfen vorne geschlossen.","og_url":"https:\/\/www.modapelle.gr\/de\/produkt\/lammfelljacke-schwarz\/","og_site_name":"MODAPELLE","article_modified_time":"2023-06-02T14:55:54+00:00","og_image":[{"width":1200,"height":1200,"url":"https:\/\/www.modapelle.gr\/wp-content\/uploads\/2023\/03\/MOUTON-1AL.jpg","type":"image\/jpeg"}],"twitter_card":"summary_large_image","twitter_misc":{"Gesch\u00e4tzte Lesezeit":"1\u00a0Minute"},"schema":{"@context":"https:\/\/schema.org","@graph":[{"@type":"WebPage","@id":"https:\/\/www.modapelle.gr\/de\/produkt\/lammfelljacke-schwarz\/","url":"https:\/\/www.modapelle.gr\/de\/produkt\/lammfelljacke-schwarz\/","name":"Lammfelljacke Schwarz - MODAPELLE","isPartOf":{"@id":"https:\/\/www.modapelle.gr\/de\/#website"},"primaryImageOfPage":{"@id":"https:\/\/www.modapelle.gr\/de\/produkt\/lammfelljacke-schwarz\/#primaryimage"},"image":{"@id":"https:\/\/www.modapelle.gr\/de\/produkt\/lammfelljacke-schwarz\/#primaryimage"},"thumbnailUrl":"https:\/\/www.modapelle.gr\/wp-content\/uploads\/2023\/03\/MOUTON-1AL.jpg","datePublished":"2023-03-04T08:38:19+00:00","dateModified":"2023-06-02T14:55:54+00:00","description":"Eine Lammfelljacke in Schwarz. Hergestellt aus 100% echtem Schaffell. Sie wird mit 3 verdeckten Kn\u00f6pfen vorne geschlossen.","breadcrumb":{"@id":"https:\/\/www.modapelle.gr\/de\/produkt\/lammfelljacke-schwarz\/#breadcrumb"},"inLanguage":"de","potentialAction":[{"@type":"ReadAction","target":["https:\/\/www.modapelle.gr\/de\/produkt\/lammfelljacke-schwarz\/"]}]},{"@type":"ImageObject","inLanguage":"de","@id":"https:\/\/www.modapelle.gr\/de\/produkt\/lammfelljacke-schwarz\/#primaryimage","url":"https:\/\/www.modapelle.gr\/wp-content\/uploads\/2023\/03\/MOUTON-1AL.jpg","contentUrl":"https:\/\/www.modapelle.gr\/wp-content\/uploads\/2023\/03\/MOUTON-1AL.jpg","width":1200,"height":1200,"caption":"Lammfelljacke Schwarz"},{"@type":"BreadcrumbList","@id":"https:\/\/www.modapelle.gr\/de\/produkt\/lammfelljacke-schwarz\/#breadcrumb","itemListElement":[{"@type":"ListItem","position":1,"name":"Modapelle","item":"https:\/\/www.modapelle.gr\/de\/"},{"@type":"ListItem","position":2,"name":"Shop","item":"https:\/\/www.modapelle.gr\/de\/shop\/"},{"@type":"ListItem","position":3,"name":"Frau","item":"https:\/\/www.modapelle.gr\/de\/produkt-kategorie\/frau\/"},{"@type":"ListItem","position":4,"name":"Damen Lederjacken","item":"https:\/\/www.modapelle.gr\/de\/produkt-kategorie\/frau\/damen-lederjacken\/"},{"@type":"ListItem","position":5,"name":"Lammfelljacke Schwarz"}]},{"@type":"WebSite","@id":"https:\/\/www.modapelle.gr\/de\/#website","url":"https:\/\/www.modapelle.gr\/de\/","name":"MODAPELLE","description":"Lederbekleidung, Taschen & Accessoires","publisher":{"@id":"https:\/\/www.modapelle.gr\/de\/#organization"},"potentialAction":[{"@type":"SearchAction","target":{"@type":"EntryPoint","urlTemplate":"https:\/\/www.modapelle.gr\/de\/?s={search_term_string}"},"query-input":{"@type":"PropertyValueSpecification","valueRequired":true,"valueName":"search_term_string"}}],"inLanguage":"de"},{"@type":"Organization","@id":"https:\/\/www.modapelle.gr\/de\/#organization","name":"MODAPELLE","url":"https:\/\/www.modapelle.gr\/de\/","logo":{"@type":"ImageObject","inLanguage":"de","@id":"https:\/\/www.modapelle.gr\/de\/#\/schema\/logo\/image\/","url":"https:\/\/www.modapelle.gr\/wp-content\/uploads\/2021\/07\/modapelle-logo.png","contentUrl":"https:\/\/www.modapelle.gr\/wp-content\/uploads\/2021\/07\/modapelle-logo.png","width":388,"height":120,"caption":"MODAPELLE"},"image":{"@id":"https:\/\/www.modapelle.gr\/de\/#\/schema\/logo\/image\/"}}]}},"_links":{"self":[{"href":"https:\/\/www.modapelle.gr\/de\/wp-json\/wp\/v2\/product\/20529","targetHints":{"allow":["GET"]}}],"collection":[{"href":"https:\/\/www.modapelle.gr\/de\/wp-json\/wp\/v2\/product"}],"about":[{"href":"https:\/\/www.modapelle.gr\/de\/wp-json\/wp\/v2\/types\/product"}],"wp:featuredmedia":[{"embeddable":true,"href":"https:\/\/www.modapelle.gr\/de\/wp-json\/wp\/v2\/media\/14505"}],"wp:attachment":[{"href":"https:\/\/www.modapelle.gr\/de\/wp-json\/wp\/v2\/media?parent=20529"}],"wp:term":[{"taxonomy":"product_brand","embeddable":true,"href":"https:\/\/www.modapelle.gr\/de\/wp-json\/wp\/v2\/product_brand?post=20529"},{"taxonomy":"product_cat","embeddable":true,"href":"https:\/\/www.modapelle.gr\/de\/wp-json\/wp\/v2\/product_cat?post=20529"},{"taxonomy":"product_tag","embeddable":true,"href":"https:\/\/www.modapelle.gr\/de\/wp-json\/wp\/v2\/product_tag?post=20529"}],"curies":[{"name":"wp","href":"https:\/\/api.w.org\/{rel}","templated":true}]}}

<p>Lammfelljacke, in Schwarz. Hergestellt aus 100% echtem Schaffell. Sie ist extrem warm und hat eine bequeme Passform.</p>
<ul>
<li>Sie wird mit 3 verdeckten Knöpfen vorne geschlossen.</li>
<li>Sie verfügt über zwei Außentaschen.</li>
<li>Das Futter ist in neutralem Farbton (schwarz).</li>
<li>Die Länge beträgt etwa 73 cm für die Größe M &#8211; gemessen von der unteren Kante des Kragens bis zum unteren Rand der Jacke auf der Rückseite.</li>
<li>Ein Produkt aus Griechenland.</li>
</ul>
<p>Möglichkeit der Bestellung in nicht verfügbaren Größen &#8211; Lieferung innerhalb von 10 Tagen.</p>

<h3>Lammfelljacke</h3>
<p>Eine Lammfelljacke in Schwarz. Hergestellt aus 100% echtem Schaffell. Sie wird mit 3 verdeckten Knöpfen vorne geschlossen. Zusätzlich verfügt sie über zwei Außentaschen. Sie ist extrem warm und hat eine bequeme Passform!</p>
<p>Ein Produkt aus Griechenland.</p>
<p>Möglichkeit der Bestellung in nicht verfügbaren Größen (von Small bis 3XL) &#8211; Lieferung innerhalb von 10 Tagen.</p>

<!-- This site is optimized with the Yoast SEO plugin v27.4 - https://yoast.com/product/yoast-seo-wordpress/ -->
<title>Lammfelljacke Schwarz - MODAPELLE</title>
<meta name="description" content="Eine Lammfelljacke in Schwarz. Hergestellt aus 100% echtem Schaffell. Sie wird mit 3 verdeckten Knöpfen vorne geschlossen." />
<meta name="robots" content="index, follow, max-snippet:-1, max-image-preview:large, max-video-preview:-1" />
<link rel="canonical" href="https://www.modapelle.gr/de/produkt/lammfelljacke-schwarz/" />
<meta property="og:locale" content="de_DE" />
<meta property="og:type" content="article" />
<meta property="og:title" content="Lammfelljacke Schwarz - MODAPELLE" />
<meta property="og:description" content="Eine Lammfelljacke in Schwarz. Hergestellt aus 100% echtem Schaffell. Sie wird mit 3 verdeckten Knöpfen vorne geschlossen." />
<meta property="og:url" content="https://www.modapelle.gr/de/produkt/lammfelljacke-schwarz/" />
<meta property="og:site_name" content="MODAPELLE" />
<meta property="article:modified_time" content="2023-06-02T14:55:54+00:00" />
<meta property="og:image" content="https://www.modapelle.gr/wp-content/uploads/2023/03/MOUTON-1AL.jpg" />
	<meta property="og:image:width" content="1200" />
	<meta property="og:image:height" content="1200" />
	<meta property="og:image:type" content="image/jpeg" />
<meta name="twitter:card" content="summary_large_image" />
<meta name="twitter:label1" content="Geschätzte Lesezeit" />
	<meta name="twitter:data1" content="1 Minute" />
<script type="application/ld+json" class="yoast-schema-graph">{"@context":"https:\/\/schema.org","@graph":[{"@type":"WebPage","@id":"https:\/\/www.modapelle.gr\/de\/produkt\/lammfelljacke-schwarz\/","url":"https:\/\/www.modapelle.gr\/de\/produkt\/lammfelljacke-schwarz\/","name":"Lammfelljacke Schwarz - MODAPELLE","isPartOf":{"@id":"https:\/\/www.modapelle.gr\/de\/#website"},"primaryImageOfPage":{"@id":"https:\/\/www.modapelle.gr\/de\/produkt\/lammfelljacke-schwarz\/#primaryimage"},"image":{"@id":"https:\/\/www.modapelle.gr\/de\/produkt\/lammfelljacke-schwarz\/#primaryimage"},"thumbnailUrl":"https:\/\/www.modapelle.gr\/wp-content\/uploads\/2023\/03\/MOUTON-1AL.jpg","datePublished":"2023-03-04T08:38:19+00:00","dateModified":"2023-06-02T14:55:54+00:00","description":"Eine Lammfelljacke in Schwarz. Hergestellt aus 100% echtem Schaffell. Sie wird mit 3 verdeckten Knöpfen vorne geschlossen.","breadcrumb":{"@id":"https:\/\/www.modapelle.gr\/de\/produkt\/lammfelljacke-schwarz\/#breadcrumb"},"inLanguage":"de","potentialAction":[{"@type":"ReadAction","target":["https:\/\/www.modapelle.gr\/de\/produkt\/lammfelljacke-schwarz\/"]}]},{"@type":"ImageObject","inLanguage":"de","@id":"https:\/\/www.modapelle.gr\/de\/produkt\/lammfelljacke-schwarz\/#primaryimage","url":"https:\/\/www.modapelle.gr\/wp-content\/uploads\/2023\/03\/MOUTON-1AL.jpg","contentUrl":"https:\/\/www.modapelle.gr\/wp-content\/uploads\/2023\/03\/MOUTON-1AL.jpg","width":1200,"height":1200,"caption":"Lammfelljacke Schwarz"},{"@type":"BreadcrumbList","@id":"https:\/\/www.modapelle.gr\/de\/produkt\/lammfelljacke-schwarz\/#breadcrumb","itemListElement":[{"@type":"ListItem","position":1,"name":"Modapelle","item":"https:\/\/www.modapelle.gr\/de\/"},{"@type":"ListItem","position":2,"name":"Shop","item":"https:\/\/www.modapelle.gr\/de\/shop\/"},{"@type":"ListItem","position":3,"name":"Frau","item":"https:\/\/www.modapelle.gr\/de\/produkt-kategorie\/frau\/"},{"@type":"ListItem","position":4,"name":"Damen Lederjacken","item":"https:\/\/www.modapelle.gr\/de\/produkt-kategorie\/frau\/damen-lederjacken\/"},{"@type":"ListItem","position":5,"name":"Lammfelljacke Schwarz"}]},{"@type":"WebSite","@id":"https:\/\/www.modapelle.gr\/de\/#website","url":"https:\/\/www.modapelle.gr\/de\/","name":"MODAPELLE","description":"Lederbekleidung, Taschen & Accessoires","publisher":{"@id":"https:\/\/www.modapelle.gr\/de\/#organization"},"potentialAction":[{"@type":"SearchAction","target":{"@type":"EntryPoint","urlTemplate":"https:\/\/www.modapelle.gr\/de\/?s={search_term_string}"},"query-input":{"@type":"PropertyValueSpecification","valueRequired":true,"valueName":"search_term_string"}}],"inLanguage":"de"},{"@type":"Organization","@id":"https:\/\/www.modapelle.gr\/de\/#organization","name":"MODAPELLE","url":"https:\/\/www.modapelle.gr\/de\/","logo":{"@type":"ImageObject","inLanguage":"de","@id":"https:\/\/www.modapelle.gr\/de\/#\/schema\/logo\/image\/","url":"https:\/\/www.modapelle.gr\/wp-content\/uploads\/2021\/07\/modapelle-logo.png","contentUrl":"https:\/\/www.modapelle.gr\/wp-content\/uploads\/2021\/07\/modapelle-logo.png","width":388,"height":120,"caption":"MODAPELLE"},"image":{"@id":"https:\/\/www.modapelle.gr\/de\/#\/schema\/logo\/image\/"}}]}</script>
<!-- / Yoast SEO plugin. -->

Eine Lammfelljacke in Schwarz. Hergestellt aus 100% echtem Schaffell. Sie wird mit 3 verdeckten Knöpfen vorne geschlossen.
